5944123
List the prime factors of 12674938.
2, 19, 43, 7757
List the prime factors of 5468880329.
11, 497170939
What are the prime factors of 3905713270?
2, 5, 59, 1427, 4639
What are the prime factors of 199743033?
3, 7, 9511573
List the prime factors of 315022194.
2, 3, 17501233
What are the prime factors of 14495343?
3, 43, 313, 359
List the prime factors of 750989743.
7, 41, 89, 29401
List the prime factors of 2201332576.
2, 23, 2990941
List the prime factors of 5973510846.
2, 3, 2003, 497047
What are the prime factors of 263681596?
2, 65920399
What are the prime factors of 1379615?
5, 275923
List the prime factors of 3837666.
2, 3, 7, 91373
List the prime factors of 914192380.
2, 5, 179, 255361
What are the prime factors of 187051171?
4561, 41011
What are the prime factors of 88817639?
17, 47, 89, 1249
List the prime factors of 472217588.
2, 118054397
List the prime factors of 1518201049.
199, 1063, 7177
List the prime factors of 133915445.
5, 137, 195497
What are the prime factors of 43765774?
2, 13, 1683299
What are the prime factors of 2116421495?
5, 19, 22278121
What are the prime factors of 4789127165?
5, 97, 787, 12547
List the prime factors of 33987466.
2, 19, 894407
What are the prime factors of 106052965?
5, 19, 1116347
What are the prime factors of 5014683335?
5, 29, 34584023
What are the prime factors of 121360800?
2, 3, 5, 11, 4597
What are the prime factors of 2797424968?
2, 13, 26898317
List the prime factors of 450550241.
9173, 49117
List the prime factors of 4257510515.
5, 17, 1669, 30011
What are the prime factors of 2632064785?
5, 7, 71, 1059181
List the prime factors of 44783466.
2, 3, 7, 13, 82021
What are the prime factors of 242987928?
2, 3, 10124497
What are the prime factors of 421148485?
5, 31, 2717087
What are the prime factors of 1167041050?
2, 5, 7, 37, 227, 397
List the prime factors of 1072323117.
3, 1531, 8647
What are the prime factors of 77753643?
3, 11, 19, 269, 461
What are the prime factors of 135264876?
2, 3, 19, 383, 1549
List the prime factors of 525380488.
2, 65672561
What are the prime factors of 3249188639?
3249188639
List the prime factors of 1012989201.
3, 7, 31, 222293
List the prime factors of 20802422.
2, 1459, 7129
What are the prime factors of 442968785?
5, 7, 12656251
What are the prime factors of 71910071?
337, 213383
What are the prime factors of 348026533?
17, 61, 335609
List the prime factors of 232824053.
7, 11, 3023689
List the prime factors of 58742918.
2, 13, 83, 163, 167
List the prime factors of 234803766.
2, 3, 39133961
What are the prime factors of 980601370?
2, 5, 7, 14008591
List the prime factors of 26463197.
26463197
List the prime factors of 136127288.
2, 11, 1546901
What are the prime factors of 382459634?
2, 179, 1068323
List the prime factors of 1640442731.
23, 71323597
List the prime factors of 66435336.
2, 3, 11, 27961
What are the prime factors of 296131902?
2, 3, 11, 31, 144737
List the prime factors of 1764885751.
367, 1493, 3221
What are the prime factors of 1821569?
73, 24953
List the prime factors of 620758782.
2, 3, 7, 137, 11987
List the prime factors of 657549689.
419, 1569331
What are the prime factors of 156161148?
2, 3, 11, 13, 8273
What are the prime factors of 49375866?
2, 3, 461, 17851
What are the prime factors of 58098382?
2, 29049191
List the prime factors of 32993045.
5, 439, 15031
What are the prime factors of 791553084?
2, 3, 7, 9423251
List the prime factors of 157179658.
2, 59, 71, 73, 257
What are the prime factors of 50238889?
211, 238099
List the prime factors of 667702497.
3, 7, 11, 2890487
List the prime factors of 854606724.
2, 3, 71217227
List the prime factors of 2802466281.
3, 23251, 40177
What are the prime factors of 4764036396?
2, 3, 7, 56714719
What are the prime factors of 31157592?
2, 3, 157, 8269
What are the prime factors of 203835199?
31, 73, 90073
List the prime factors of 3787965812.
2, 101, 233, 40241
List the prime factors of 770812838.
2, 17497, 22027
List the prime factors of 42742838.
2, 163, 131113
List the prime factors of 82057211.
29, 97571
What are the prime factors of 232033093?
151, 1536643
What are the prime factors of 204502814?
2, 19, 5381653
List the prime factors of 730606864.
2, 13, 3512533
What are the prime factors of 8190905?
5, 29, 56489
What are the prime factors of 368443093?
368443093
What are the prime factors of 1003570037?
31, 101, 251, 1277
List the prime factors of 43358903.
7, 97, 63857
What are the prime factors of 5010816109?
13, 385447393
What are the prime factors of 158752567?
158752567
List the prime factors of 81480903.
3, 7, 3880043
What are the prime factors of 129143350?
2, 5, 7, 197, 1873
List the prime factors of 127811917.
19, 233, 28871
List the prime factors of 3115050922.
2, 83, 18765367
List the prime factors of 36880816.
2, 7, 329293
List the prime factors of 52552594.
2, 19, 1063, 1301
List the prime factors of 115656848.
2, 17, 47, 83, 109
What are the prime factors of 148657295?
5, 29731459
List the prime factors of 535699604.
2, 11, 19, 41, 15629
List the prime factors of 55649435.
5, 157, 70891
List the prime factors of 81104846.
2, 113, 383, 937
What are the prime factors of 69819544?
2, 17, 349, 1471
What are the prime factors of 225698046?
2, 3, 7, 1051, 5113
List the prime factors of 1138928260.
2, 5, 17, 23, 145643
List the prime factors of 373811323.
163, 2293321
What are the prime factors of 3431337493?
211, 727, 22369
List the prime factors of 34435022.
2, 17217511
What are the prime factors of 421286226?
2, 3, 70214371
List the prime factors of 897813022.
2, 448906511
What are the prime factors of 1363179555?
3, 5, 30292879
List the prime factors of 2132585827.
2132585827
What are the prime factors of 51306790?
2, 5, 23, 37, 6029
What are the prime factors of 82860624?
2, 3, 7, 11, 47, 53
List the prime factors of 40966730.
2, 5, 7, 587, 997
What are the prime factors of 1075163003?
61, 67, 503, 523
What are the prime factors of 807386945?
5, 161477389
What are the prime factors of 81350979?
3, 27116993
What are the prime factors of 1105691252?
2, 571, 577, 839
List the prime factors of 34991193.
3, 11663731
List the prime factors of 261520910.
2, 5, 7, 499, 7487
List the prime factors of 1166933789.
7, 163, 1022729
List the prime factors of 90547049.
17, 2237, 2381
What are the prime factors of 5991940?
2, 5, 131, 2287
List the prime factors of 16119388.
2, 4029847
What are the prime factors of 243607515?
3, 5, 761, 21341
List the prime factors of 1300131625.
5, 13, 29, 47, 587
List the prime factors of 115569838.
2, 57784919
List the prime factors of 598746814.
2, 299373407
What are the prime factors of 4983954395?
5, 7, 659, 30869
What are the prime factors of 349450901?
349450901
What are the prime factors of 1181351000?
2, 5, 137, 8623
What are the prime factors of 95896781?
19, 743, 6793
List the prime factors of 187885064.
2, 73, 321721
What are the prime factors of 64085484?
2, 3, 269, 19853
What are the prime factors of 122863852?
2, 131, 234473
What are the prime factors of 283587298?
2, 141793649
List the prime factors of 38656014.
2, 3, 29, 222161
List the prime factors of 140868502.
2, 2659, 26489
What are the prime factors of 844406729?
1039, 812711
List the prime factors of 4761912580.
2, 5, 37, 457, 14081
List the prime factors of 1540713501.
3, 607, 94009
What are the prime factors of 46812538?
2, 23406269
List the prime factors of 826797671.
7, 37, 757, 4217
List the prime factors of 1263130202.
2, 631565101
What are the prime factors of 474379109?
37, 2437, 5261
List the prime factors of 2320194032.
2, 13, 2309, 4831
List the prime factors of 126600958.
2, 11, 5754589
What are the prime factors of 76827722?
2, 38413861
What are the prime factors of 149871393?
3, 7, 241, 9871
What are the prime factors of 94636183?
94636183
List the prime factors of 2472522099.
3, 2837, 290509
List the prime factors of 815483207.
7, 11, 10590691
List the prime factors of 1538253466.
2, 17, 37, 1222777
What are the prime factors of 5784569559?
3, 193, 123341
What are the prime factors of 324366783?
3, 13, 17, 489241
List the prime factors of 4216860046.
2, 7, 301204289
What are the prime factors of 518744711?
269, 1928419
What are the prime factors of 1626292